2)/6)/((-7)/5964). Suppose -24*v + 23344 = j. What are the prime factors of v?
5, 7, 19
Suppose 2*m = -5*v + 3882 + 33856, 2*m - v = 37702. What are the prime factors of m?
2, 11, 857
Suppose 3*k - 3*a - 544 = 5*k, 5*k + 3*a + 1378 = 0. Let p = 502 + k. List the prime factors of p.
2, 7
List the prime factors of -1 + 9318 + (-5 - -75)/(-10).
2, 5, 7, 19
Let s = 533 - -1701. List the prime factors of s.
2, 1117
What are the prime factors of ((-1530)/(-68) + 15)*3148/3?
2, 5, 787
Let t(y) be the third derivative of 53*y**4/8 - 11*y**3/6 + 110*y**2. What are the prime factors of t(2)?
307
Suppose -j - 48 = -7*j. Let t = j - 13. What are the prime factors of (-25)/t*14/2?
5, 7
Let k be 6/18 + 5/3. What are the prime factors of 270 - k/4*-2?
271
Let b(k) = 11 - 13*k + 7 - k**2 - 9*k. Suppose 0 = -3*r - 9, -4*x - 56 = -2*r + 6*r. What are the prime factors of b(x)?
139
Suppose -3*m + 148257 = -3*k, 0 = 5*m - 0*k - 2*k - 247077. What are the prime factors of m?
3, 7, 13, 181
Let c(m) be the third derivative of 0*m + 1/3*m**3 + 1/60*m**5 + 6*m**2 + 0 - 5/24*m**4. List the prime factors of c(13).
2, 53
List the prime factors of ((-320)/(-800))/(2/27540).
2, 3, 17
Suppose -5*s = -z - 280971, 15*z + 224760 = 4*s + 10*z. List the prime factors of s.
5, 11239
Let f be 35212*(-5 - (-24)/6). List the prime factors of f/(-52) + (-18)/117.
677
Let v be 9/6*(-5 + (-18)/(-6)). List the prime factors of 1494/3 + 0 + v.
3, 5, 11
Let r = 37668 + -5325. List the prime factors of r.
3, 10781
Let b(m) = -20*m**3 + 8*m**2 + 6*m + 3. Let x(j) = -j**3 + j**2 + j - 1. Let u(i) = b(i) - 6*x(i). What are the prime factors of u(-3)?
3, 5
Let j(k) = 71 - 73 - k + 16*k + 60. What are the prime factors of j(16)?
2, 149
Let v = 162 + -157. Suppose v*w - 2460 = 4*h, 2*h = 4*w + h - 1957. List the prime factors of w.
2, 61
Suppose 0*r = 3*r - d + 72, 2*r + 2*d = -48. What are the prime factors of (206/(-3))/(r/72)?
2, 103
Let v = -98 + 837. List the prime factors of v.
739
Let l(u) = u**3 + 10*u**2 - 2*u - 19. Let y be l(-8). Let h = -47 + y. Suppose h = 3*t + v + v, -3*t + 75 = 3*v. What are the prime factors of t?
2, 7
Let i(x) = 2*x**3 - 28*x**2 - 32*x - 250. What are the prime factors of i(26)?
2, 67, 113
Suppose 0 = -4*t - 5*y - 2231, -3*t + 0*y - 3*y = 1677. Let o = -395 - t. What are the prime factors of o?
13
Let w = -228 + 230. Let g(x) = 132*x**2 - x - 4. What are the prime factors of g(w)?
2, 3, 29
Suppose 1626948 - 62010 + 1017162 = 100*z. What are the prime factors of z?
3, 19, 151
Suppose -3*p - 2 - 4 = 0. Let j be (-2)/p + (-7)/(28/8). What are the prime factors of ((-87)/(-2))/j*-2?
3, 29
Let f be (-86)/301 - (-695)/7. Suppose f*d + 27060 = 119*d. What are the prime factors of d?
3, 11, 41
Let q(b) = -b**2 - 4*b + 3. Let f be q(2). Let h(u) = -7*u + u**2 + 32 - 15 - 18. List the prime factors of h(f).
11, 13
Let l = -36 - -30. Let m = 6 + l. Suppose -3*d + 9*d - 384 = m. What are the prime factors of d?
2
Let b = -25 - -24. Let k be (3/(-3) + 0)/b. List the prime factors of (k - 0) + 270/3.
7, 13
Suppose -3*r + 49 = b, -b - r + 123 = 2*b. What are the prime factors of 3692/10 + (-8)/b?
3, 41
Suppose -6*t + 35*a - 36*a = -117248, -3*t + 58621 = -a. What are the prime factors of t?
19541
Let h = -3468 - -6898. What are the prime factors of h?
2, 5, 7
Suppose -4*z + 16 = 4*u - u, -5*u + 2*z = -18. Suppose -7*t - u*t + 22 = 0. Suppose -t*h + 359 = x - 4*x, -x - 521 = -3*h. List the prime factors of h.
2, 43
Suppose -30*k - 98056 = -38*k. Suppose 5*x = -12*x + k. List the prime factors of x.
7, 103
Suppose -6*j = 947 - 233. Suppose -4*q + 3*c - 52 = 22, 0 = -q - c - 22. Let f = q - j. List the prime factors of f.
3, 11
Let p = 68045 + -47443. List the prime factors of p.
2, 10301
Let h = 27 - 82. Let d = 612 + h. What are the prime factors of d?
557
List the prime factors of ((-45)/(-25)*5 - (-1 + -2634)) + 1.
5, 23
Suppose -56 = -b + 3*o, -2*b + 193 = -2*o + 65. Let s = -63 + b. Suppose s*x - 6*f = -2*f + 773, -5*f + 296 = 2*x. What are the prime factors of x?
3, 17
Suppose -35941 = -18*n + 70433 - 3702. List the prime factors of n.
2, 23, 31
List the prime factors of (-41 - 1)/3 + 1888.
2, 937
Suppose 3*m - 25 = 4*a + 6*m, 3*a = -2*m - 19. Suppose 4*q + 5*x = 7 + 145, x - 190 = -5*q. Let p = a + q. What are the prime factors of p?
31
Let f(q) = -481*q - 2629. What are the prime factors of f(-31)?
2, 3, 23, 89
Let o(u) be the second derivative of 13*u**3/6 + 3*u**2 - 2*u + 5. Suppose -10 = -5*x, 4*q + 3*x = 6*x + 18. What are the prime factors of o(q)?
2, 3, 7
List the prime factors of 4 + 2*11601/36*6.
7, 79
Suppose 2*b + 3*r = 2516, 0*b + b = -5*r + 1244. What are the prime factors of b?
2, 79
Suppose f + k - 3447 = 0, -4413 = -4*f + 4*k + 9415. Suppose -f = -16*v + 3236. List the prime factors of v.
2, 11, 19
Suppose -5*y + 7*y - 22136 = 2*x, -4*y = -5*x - 44267. List the prime factors of y.
3, 3691
Let y(u) = -539*u - 28. Let w be y(-1). Suppose 7524 = -w*j + 520*j. List the prime factors of j.
2, 11, 19
Let t = -13912 - -26322. What are the prime factors of t?
2, 5, 17, 73
Let k be -28*4*-1 + -1. Let b = -112 - -117. Suppose o - k = -2*q + q, b*o = -3*q + 555. List the prime factors of o.
3, 37
Suppose 7*d = -14*d + 16*d. Suppose -2*c - 26 + 632 = d. What are the prime factors of c?
3, 101
List the prime factors of 2/12 + 5/(-24)*(-41419 + -9).
3, 7, 137
Suppose 5*r = -191 + 71. Let z be (3/2)/(r/(-32)). Suppose -2*l - b + 30 = 0, -3*l - z*b = -4*l + 15. What are the prime factors of l?
3, 5
Let f = 291 + -298. List the prime factors of 1/(f/(7 + -3990)).
569
Let t be (((-120)/(-25))/(-6))/((-2)/5). Suppose 0 = 2*j + 3*v + 17, -4*j + 3 = t*v + 17. List the prime factors of (6 - 107)*(-1 - (j - -1)).
101
Suppose 22055 + 20156 = 17*s. Let m = s + -1150. List the prime factors of m.
31, 43
Let z = -112 + 76. Let v be (-2 - z/15)*(21 + -11). List the prime factors of 24/(-16) + 18/v.
3
Let w(u) = 21*u + 7*u - 14*u + 21 + 6*u. List the prime factors of w(6).
3, 47
Suppose 40 = 5*p + 30. Let n(o) = -o**2 + 6*o - 17. Let j be n(p). List the prime factors of (-2883)/(-12) + (j/12)/3.
2, 3, 5
List the prime factors of (-1142)/3*-2*66/11.
2, 571
Let q(n) = 4*n - 22. Let h be q(6). Let s be 198 + 0 - 6/h. Let m = s - 115. List the prime factors of m.
2, 5
Suppose 11*z - 186 = 8*z. Let m = 67 - z. Suppose -56 = -m*t - 21. What are the prime factors of t?
7
Suppose -19 = 5*m + 3*a, -4*m + 3*a = -a + 28. Let u be (2 + -1)/(m/(-75)). Suppose -276 = -3*y + u. List the prime factors of y.
97
Let h(b) = b + 1. Let y(x) = 232*x**2 + 3*x - 6. Let i(l) = 3*h(l) + y(l). List the prime factors of i(2).
937
Suppose -340 = 4*g - 5*w, 0*g + 4*g + 348 = 3*w. Suppose 7*f + 1 = -34. Let s = f - g. List the prime factors of s.
5, 17
Let h = -117 - -266. Suppose 0 = i - h - 121. Suppose 2*l - 5*l = -i. List the prime factors of l.
2, 3, 5
Suppose 22*q + 4680 = 26*q. Suppose -11*l - q = -2*l. Let w = -57 - l. What are the prime factors of w?
73
Suppose -2*i + 17153 - 4503 = -3*w, 7*w = 3*i - 18985. What are the prime factors of i?
71, 89
Let f(z) = 10*z - 89. Let b be f(6). Let s = b - -92. List the prime factors of s.
3, 7
Let h(k) = 93*k - 73. Let p(j) = 278*j - 219. Let d(b) = -8*h(b) + 3*p(b). What are the prime factors of d(5)?
13, 29
Let y be ((-48)/(-42))/(2 + (-48)/28). Suppose 5*x + 119 = -g + 469, y*g = 2*x + 1510. What are the prime factors of g?
3, 5
What are the prime factors of ((219/(-803))/((-8)/22))/((-6)/(-26584))?
3323
Let z be ((-8)/3)/(-2 + (-1083)/(-540)). List the prime factors of -29 + 26 + (-2 - z/2).
5, 47
Suppose -36*t = -6*t - 150. Let b be ((-57)/(-4))/(1/4). Suppose 3*d + 3*i = b, 2*i - 104 = -t*d - 0*i. What are the prime factors of d?
2, 11
Let g(k) be the third derivative of k**6/120 + 4*k**5/15 + 9*k**4/8 + 17*k**3/3 - 6*k**2 + 1. What are the prime factors of g(-10)?
2, 7, 13
Suppose 0 = 4*f - 835 + 898 - 3739. What are the prime factors of f?
919
Let g = 200 - 117. Suppose 5*o - 9*f = -8*f - 156, 0 = 4*o + 5*f + 119. Let h = g + o. What are the prime factors of h?
2, 13
Let a(p) = 113*p + 1. Let j(z) be the first derivative of -z**3/3 - 7*z**2/2 - 9*z + 25. Let g be j(-2). List the prime factors of a(g).
2, 3, 19
Let f = -44753 - -73362. What are the prim